t are the prime factors of 266039607?
3, 88679869
List the prime factors of 99918805.
5, 7, 79, 36137
List the prime factors of 482197941.
3, 19, 137, 2287
List the prime factors of 20622465.
3, 5, 173, 883
List the prime factors of 6269389.
7, 895627
What are the prime factors of 181465712?
2, 199, 56993
What are the prime factors of 78567550?
2, 5, 47, 67, 499
List the prime factors of 486581073.
3, 11, 14744881
List the prime factors of 94260224.
2, 92051
What are the prime factors of 954622555?
5, 1657, 115223
What are the prime factors of 5791692638?
2, 59, 49082141
What are the prime factors of 564653611?
23, 487, 50411
What are the prime factors of 33353127?
3, 47, 8761
What are the prime factors of 279065656?
2, 337, 103511
What are the prime factors of 1063516789?
37, 113, 254369
List the prime factors of 922880729.
353, 2614393
List the prime factors of 78229012.
2, 19557253
List the prime factors of 2648626788.
2, 3, 397, 555967
What are the prime factors of 232351039?
593, 391823
What are the prime factors of 3000713015?
5, 600142603
List the prime factors of 138257160.
2, 3, 5, 37, 31139
What are the prime factors of 161552051?
71, 739, 3079
What are the prime factors of 595307282?
2, 37, 8044693
What are the prime factors of 1326727944?
2, 3, 37, 109, 1523
What are the prime factors of 304175739?
3, 7, 59, 245501
List the prime factors of 14016935.
5, 691, 4057
What are the prime factors of 64547892?
2, 3, 131, 13687
What are the prime factors of 3847814361?
3, 821, 2143
List the prime factors of 348133969.
12647, 27527
List the prime factors of 104550234.
2, 3, 37, 470947
What are the prime factors of 11602991?
43, 151, 1787
List the prime factors of 46395839.
7, 17, 43, 9067
What are the prime factors of 768056318?
2, 101, 1487, 2557
List the prime factors of 5815294.
2, 2907647
List the prime factors of 34739727.
3, 11, 1052719
What are the prime factors of 315763139?
315763139
List the prime factors of 15053058.
2, 3, 17, 49193
What are the prime factors of 150570843?
3, 197, 254773
List the prime factors of 1270200477.
3, 7, 13, 4652749
What are the prime factors of 212257390?
2, 5, 21225739
List the prime factors of 1984598256.
2, 3, 41345797
What are the prime factors of 229248576?
2, 3, 132667
List the prime factors of 55420848.
2, 3, 7, 41, 149
What are the prime factors of 64630075?
5, 43, 59, 1019
List the prime factors of 2338722.
2, 3, 41, 3169
List the prime factors of 5708188729.
5708188729
What are the prime factors of 935515315?
5, 7, 26729009
List the prime factors of 287159296.
2, 193, 1453
What are the prime factors of 1494364071?
3, 10289, 48413
What are the prime factors of 15483055?
5, 7, 137, 3229
List the prime factors of 1344667391.
1344667391
List the prime factors of 1339499365.
5, 109, 2457797
List the prime factors of 519722142.
2, 3, 283, 307, 997
List the prime factors of 204015296.
2, 3187739
List the prime factors of 1888096518.
2, 3, 7, 11, 194609
What are the prime factors of 112470853?
11, 10224623
What are the prime factors of 342442262?
2, 23, 7444397
What are the prime factors of 20914388?
2, 11, 475327
What are the prime factors of 178974417?
3, 59658139
List the prime factors of 24501030.
2, 3, 5, 37, 22073
List the prime factors of 4051906.
2, 149, 13597
What are the prime factors of 23637040?
2, 5, 7, 42209
List the prime factors of 627386088.
2, 3, 7, 17, 23, 9551
List the prime factors of 100140368.
2, 41, 293, 521
List the prime factors of 1784433228.
2, 3, 148702769
List the prime factors of 856430529.
3, 19, 199, 75503
What are the prime factors of 131506092?
2, 3, 31, 13093
What are the prime factors of 3441804235?
5, 59, 11667133
List the prime factors of 895167796.
2, 223791949
List the prime factors of 283954603.
487, 583069
List the prime factors of 321742272.
2, 3, 17, 98573
What are the prime factors of 19419826?
2, 31, 103, 3041
List the prime factors of 109024454.
2, 7, 11, 707951
List the prime factors of 2397974134.
2, 17, 41, 1720211
What are the prime factors of 316403762?
2, 17, 9305993
What are the prime factors of 1120061276?
2, 280015319
What are the prime factors of 289858462?
2, 144929231
List the prime factors of 187598867.
187598867
List the prime factors of 145642971.
3, 48547657
List the prime factors of 5365395468.
2, 3, 509, 292807
What are the prime factors of 2263629983?
181, 311, 40213
List the prime factors of 8195714775.
3, 5, 23, 79, 20047
What are the prime factors of 5516681?
97, 56873
List the prime factors of 334969034.
2, 167484517
What are the prime factors of 59510365?
5, 11902073
What are the prime factors of 82640380?
2, 5, 23, 73, 107
List the prime factors of 284248265.
5, 7, 19, 227, 269
What are the prime factors of 95841003?
3, 1307, 24443
List the prime factors of 47215659.
3, 139, 113227
List the prime factors of 280205899.
479, 584981
List the prime factors of 778488363.
3, 179, 483233
What are the prime factors of 147891705?
3, 5, 13, 281, 2699
What are the prime factors of 259230479?
259230479
What are the prime factors of 583127591?
17, 1327, 25849
List the prime factors of 1305853035.
3, 5, 29, 229, 13109
What are the prime factors of 566413287?
3, 11, 17164039
What are the prime factors of 32334994?
2, 463, 34919
List the prime factors of 970230864.
2, 3, 61, 229, 1447
What are the prime factors of 950237044?
2, 19, 193, 64783
List the prime factors of 273110565.
3, 5, 7, 13, 101, 283
List the prime factors of 3543885830.
2, 5, 354388583
List the prime factors of 3718265.
5, 113, 6581
What are the prime factors of 741343717?
601, 653, 1889
List the prime factors of 766112374.
2, 257, 293, 5087
What are the prime factors of 600195912?
2, 3, 25008163
List the prime factors of 301546947.
3, 13, 1543, 5011
List the prime factors of 241570636.
2, 19, 809, 3929
List the prime factors of 1573089516.
2, 3, 67, 499, 1307
What are the prime factors of 76579151?
11, 107, 65063
What are the prime factors of 5296799890?
2, 5, 47, 11269787
What are the prime factors of 3107136292?
2, 13, 41, 1457381
What are the prime factors of 86522659?
53, 71, 22993
What are the prime factors of 116647772?
2, 29161943
List the prime factors of 1657761717.
3, 433, 1276183
List the prime factors of 957620572.
2, 239405143
What are the prime factors of 429780693?
3, 143260231
What are the prime factors of 1870470097?
59, 127, 4231
List the prime factors of 79357517.
79357517
What are the prime factors of 3958580863?
3958580863
List the prime factors of 1552745124.
2, 3, 7, 443, 1987
List the prime factors of 2859336661.
613, 4664497
What are the prime factors of 2280175144?
2, 13, 1709, 12829
List the prime factors of 1406953804.
2, 239, 1471709
List the prime factors of 170975064.
2, 3, 13, 229, 2393
What are the prime factors of 58671212?
2, 53, 109, 2539
What are the prime factors of 1320528232?
2, 1997, 82657
What are the prime factors of 2299247863?
11, 209022533
List the prime factors of 57292633.
57292633
List the prime factors of 4176124491.
3, 7, 11, 181, 99881
List the prime factors of 512647883.
11, 3407, 13679
List the prime factors of 484171779.
3, 7, 13, 1773523
What are the prime factors of 191797850?
2, 5, 3835957
What are the prime factors of 121673805?
3, 5, 11, 353, 2089
What are the prime factors of 453584833?
13, 34891141
What are the prime factors of 308007196?
2, 7, 31, 354847
List the prime factors of 68381295.
3, 5, 59, 77267
List the prime factors of 87077067.
3, 7, 11, 157
List the prime factors of 249230125.
5, 19, 101, 1039
List the prime factors of 176723846.
2, 13, 557, 12203
What are the prime factors of 97890441?
3, 11, 263, 11279
What are the prime factors of 732125397?
3, 23, 41, 137, 1889
List the prime factors of 1222007554.
2, 71, 541, 15907
What are the prime factors of 247462537?
7, 131, 421, 641
List the prime factors of 272219432.
2, 31, 1097659
List the prime factors of 723268853.
47, 1741, 8839
What are the prime factors of 3085833643?
19, 997, 162901
List the prime factors of 838300471.
838300471
List the prime factors of 3732504171.
3, 11, 53, 2134079
What are the prime factors of 40961770?
2, 5, 151, 27127
List the prime factors of 194883397.
2083, 93559
List the prime factors of 25616638.
2, 12808319
What ar